 and p?
1
Suppose 3*w + 36 = -0*w. Let l be ((-45)/6)/(2/w). Let q be 2/(0 + 6/27). Calculate the greatest common divisor of q and l.
9
Suppose 0 = -0*f - 5*f + t + 2, -4*f + 10 = 2*t. Let s be (23 + 1)*f/2. Calculate the highest common divisor of s and 24.
12
Let y = 42 + 26. Calculate the greatest common divisor of y and 34.
34
Let d(h) = -3*h**3 - 10*h**2 - 5*h - 8. Let p be d(-4). What is the highest common divisor of p and 110?
22
Suppose 4*c = -2*j + 52, 4*j + 5*c = -j + 105. Let d(m) = -21*m - 2. Let g be d(-2). What is the highest common factor of g and j?
8
Let y be (-5)/(4/(-8)*2). Suppose -y*f + f = -48. Calculate the highest common divisor of 96 and f.
12
Let x = -12 - -14. Suppose -4*z = 4*f, 3 = 4*z + 3*f - 2. Let c = z - x. Calculate the highest common factor of 15 and c.
3
Let q = 45 + -22. What is the highest common factor of q and 184?
23
Let f = 81 - 57. Calculate the highest common divisor of 120 and f.
24
Let k = 948 - 1544. Let u(d) = -d + 7. Let l be u(5). Let f be k/(-9) - l/9. Calculate the greatest common factor of f and 6.
6
Let k = 0 + 8. Calculate the highest common factor of 48 and k.
8
Let x = 9 + -3. Let t be 19/(-7) - (-8)/(-28). Let d be (-74)/t - 4/6. Calculate the highest common factor of d and x.
6
Let l(v) = 2*v**2 - 3*v + 1. Let g be l(3). Suppose -n + 8 = -f, 0 = 5*n + f - 0*f - g. Let d be 46/4 - n/(-6). What is the highest common divisor of d and 60?
12
Suppose -3*g + 5 + 10 = 0. Suppose 2 = g*u - 103. Calculate the greatest common factor of u and 7.
7
Suppose -c + z + 9 = 0, -2*z = -2*c - 3*z + 15. Suppose -d = -4*i + c, -d - i - 2*i = -27. Calculate the greatest common divisor of 84 and d.
12
Let o(q) = q**2 + 4*q - 11. Let u be o(-6). What is the greatest common factor of 1 and u?
1
Suppose -5 = -2*j + 21. Calculate the greatest common factor of j and 52.
13
Let i(h) = h**3 + h + 1. Let b be i(-1). Let m = b - -3. What is the greatest common divisor of 8 and m?
2
Suppose j - 15 = -10. What is the highest common factor of 45 and j?
5
Suppose 4*g - 15 - 1 = 0. Suppose -g*k = -2*k - 20. Suppose 59 = 3*a - 61. Calculate the highest common factor of k and a.
10
Suppose -4*q + 18 = 2*x, 23 = q - 2*q + 5*x. Let p(c) = c**3 - 2*c + 1. Let k be p(3). Calculate the highest common divisor of k and q.
2
Let z be (-2)/7 + 876/28. Let m = z + 14. What is the highest common factor of m and 18?
9
Let d = 75 - 52. Suppose -4*r + d = -1. What is the highest common factor of r and 60?
6
Let v be 4/(-14) - (-60)/(-35). Let n be (-24)/10 - v/5. Let k be 362/4 - n/4. What is the greatest common divisor of k and 13?
13
Let q = 242 - 168. Suppose q = r - k, -2*r + 92 = -r + 5*k. Suppose 2*o + 2*y - 24 = 0, -4*o - 2*y + 31 = -o. Calculate the highest common factor of r and o.
7
Let w be (-1 + -1)/(-2 - -3). Let l be 23*1/(-2)*w. What is the greatest common divisor of 253 and l?
23
Let v(a) = 8*a**2 + 2*a. Let o be v(3). Let n(u) = -u**2 - 12*u + 13. Let t be n(-12). What is the highest common factor of o and t?
13
Suppose 21 = d - 0. Calculate the greatest common factor of 21 and d.
21
Suppose 204 = 5*s - 2*p, -s - 4*p = -0*p - 54. What is the highest common divisor of 21 and s?
21
Suppose 3*w + 2*w - 40 = 0. Suppose 17 = 3*x - 1. Let v be 3/1*x/9. What is the highest common factor of v and w?
2
Suppose 5*d = 1 + 9. Calculate the greatest common divisor of 4 and d.
2
Suppose 2*u = 3*n - 340, 4*u - u = -15. What is the highest common factor of 10 and n?
10
Let o(x) be the second derivative of x**5/20 + 2*x**4/3 - 2*x**3/3 - x**2/2 + 9*x. Let p be o(-7). What is the greatest common divisor of 19 and p?
19
Suppose 5*p + 9 = -6, 3*l + 3*p - 93 = 0. What is the highest common factor of 17 and l?
17
Suppose -66 = -6*c + 24. Calculate the highest common divisor of 35 and c.
5
Let n be ((-18)/(-15))/(24/1600). Calculate the highest common divisor of n and 16.
16
Suppose 4*r - 28 = -2*l, -4*r + 9*r - 5 = 0. What is the highest common divisor of l and 3?
3
Suppose -8 = 4*j - 5*g, -2*j - 2*j + 8 = -g. Let q be (1 - 6/j) + 10. Calculate the highest common divisor of q and 63.
9
Let d = 112 - 67. Calculate the greatest common divisor of d and 5.
5
Let z be -2*1 + -2 + 2. Let u be (z - -7) + 2 + 1. Suppose -2 = 3*p - u. Calculate the greatest common divisor of p and 14.
2
Let n = 24 + -9. Calculate the greatest common factor of 135 and n.
15
Let x be -7 - ((-2)/(-1) + 0). Let l be (132/10)/(x/(-30)). Suppose -5*m + 12 + 8 = 0. What is the highest common divisor of l and m?
4
Let f(s) = 5*s**2 + 23*s + 96. Let o be f(-7). Calculate the greatest common factor of 18 and o.
18
Let m(p) be the second derivative of p**4/12 + 25*p**2 + 4*p. Let j be m(0). Let h = -18 - -38. Calculate the greatest common divisor of j and h.
10
Let h be (-1)/3 + 5/15. Suppose h = n + 47 - 190. Suppose 65 = 2*p + 3*p. What is the highest common divisor of n and p?
13
Let r(g) = -g + 16. Let v be r(8). What is the greatest common factor of 20 and v?
4
Suppose -3*r = -4*z - 9 + 36, z - 5*r - 11 = 0. Suppose 176 = 2*l - z. Let h = 30 - 17. What is the greatest common factor of l and h?
13
Let u = 71 - 185. Let h be (-1)/(2/u*1). Calculate the highest common divisor of 19 and h.
19
Let k be ((-1)/(-3))/((-2)/(-66)). Suppose -2*i + 0*i + 4 = 0. Let c be (i + 30/(-4))*-2. What is the highest common factor of k and c?
11
Suppose -2*l - 4 = 4*q, -3*q - 2*q + 5*l = -10. Suppose 2*v - 5*m - 30 = 0, q = -3*v + 2*v - 3*m + 37. Calculate the greatest common factor of 125 and v.
25
Let a = -10 - -20. Let i be 74/14 - (-4)/(-14). Suppose 5*x = i*k - 275, 0 = -k - 5*x + 2*x + 35. What is the highest common divisor of k and a?
10
Let c(n) = 2*n + 4 + 15 + 0*n. Let h be c(-13). Let z(p) = -3*p + 3. Let v be z(h). What is the highest common factor of 8 and v?
8
Let o be (12/(-8))/(1/(-18)). Calculate the highest common factor of 9 and o.
9
Let v = 13 - 3. Calculate the greatest common divisor of 30 and v.
10
Let x = 94 - 64. Calculate the greatest common factor of x and 6.
6
Suppose 5*u + 183 = 33. Let s be 3/(0 + (-9)/u). Calculate the greatest common factor of s and 70.
10
Let s be (2 - -8) + (-2 - 1). Let b = -2 + s. Calculate the greatest common divisor of 1 and b.
1
Let q(i) = 13*i**2 - 3*i + 3. Suppose h + 2 = 2*h. Let t be q(h). Calculate the greatest common factor of t and 7.
7
Suppose -3*b + 0*b - 3 = 0, 5*b + 15 = 2*n. Let h(o) = 16*o. Let m be h(n). Calculate the highest common divisor of 10 and m.
10
Let a(f) = 4*f - 4. Let z be a(10). Calculate the highest common factor of z and 12.
12
Let n be 30/7 + 6/(-21). Suppose n*z + 10 = 5*r, -8*r + z + 19 = -4*r. Calculate the highest common factor of r and 66.
6
Let z(h) = -4*h**3 - 2*h**2 + 3*h + 6. Let t be z(-5). Let a = t - 259. Let j = -61 + a. What is the greatest common factor of j and 11?
11
Let b = -139 + 244. Suppose 0 = 5*o - 4*i + 8, 5*i - 10 = 4*o. Suppose a - 18 + 3 = o. What is the highest common divisor of a and b?
15
Suppose -62 = -7*o + 15. Calculate the greatest common factor of o and 11.
11
Suppose a = -0*a, s = -3*a. Suppose -4*g + 4 + s = 0. Suppose 5*z - 20 = m, 6 - 1 = z. What is the highest common factor of g and m?
1
Suppose -3*w + 6*w - 4*s - 676 = 0, -2*s - 668 = -3*w. Calculate the greatest common divisor of 20 and w.
20
Let l = -3 + 3. Let z(m) = -m + 3. Let c be z(l). Calculate the highest common divisor of 21 and c.
3
Suppose u = 2*t + 25, u - 2*u = 4*t - 49. Calculate the greatest common factor of 44 and u.
11
Let y be ((-6)/15)/(3/(-420)). Suppose 3*n + 3*k + 36 = 5*n, -4*k = -3*n + y. What is the highest common factor of 60 and n?
12
Let k = 35 - 9. Let f be -2 + -1 + -9 + k. Let l be (-24)/2*7/(-3). What is the highest common divisor of l and f?
14
Let r(p) = 6*p**3 + 2*p + 3. Let m be 9/(-6)*(1 + -3). Let h be r(m). What is the greatest common divisor of h and 19?
19
Suppose 10*v - 84 = 76. Calculate the greatest common factor of 56 and v.
8
Suppose 89*k = 91*k - 32. What is the greatest common divisor of 48 and k?
16
Suppose -2*l - 5 = -1. Suppose 0 = 4*y + 4 + 4. Let b be (-2 - y) + l - -58. Calculate the greatest common divisor of b and 8.
8
Suppose -4*y + 19 + 9 = 0. What is the greatest common factor of 35 and y?
7
Let m be 1/(-6) + (147/18)/1. Calculate the highest common divisor